{"id":580,"date":"2023-09-05T23:21:59","date_gmt":"2023-09-05T21:21:59","guid":{"rendered":"https:\/\/www.harpemosane.be\/harpspringdays\/?page_id=580"},"modified":"2024-01-30T11:50:02","modified_gmt":"2024-01-30T10:50:02","slug":"mentions-rgpd","status":"publish","type":"page","link":"https:\/\/www.harpemosane.be\/harpspringdays\/mentions-rgpd\/","title":{"rendered":"Mentions &#8211; RGPD"},"content":{"rendered":"\n<h2 class=\"wp-block-heading\">Mentions<\/h2>\n\n\n\n<ul>\n<li>Moteur de publication : <a href=\"https:\/\/fr.wordpress.org\/\">WordPress<\/a><\/li>\n\n\n\n<li>Site h\u00e9berg\u00e9 chez <a href=\"http:\/\/ovh.com\">ovh.com<\/a><\/li>\n\n\n\n<li>Propri\u00e9taire du site : <a href=\"https:\/\/harpemosane.be\">asbl Les amis de la harpe mosane<\/a><\/li>\n\n\n\n<li>Graphisme : <a href=\"https:\/\/gildas-piret.com\/\" data-type=\"link\" data-id=\"https:\/\/gildas-piret.com\/\">Gildas Piret<\/a><\/li>\n\n\n\n<li>Webmastering : <a href=\"https:\/\/mjhvc.be\" data-type=\"link\" data-id=\"https:\/\/mjhvc.be\">mjhvc<\/a><\/li>\n<\/ul>\n\n\n\n<h2 class=\"wp-block-heading\">RGPD <\/h2>\n\n\n\n<p>Les cookies utilis\u00e9s par ce site sont principalement dit &lsquo;techniques&rsquo; et destin\u00e9s aux personnes autoris\u00e9es \u00e0 s&rsquo;identifier dans les coulisses du site.<\/p>\n\n\n\n<p>Des liens sur ce site vous permettent de visionner des vid\u00e9os h\u00e9berg\u00e9es sur des plates-formes num\u00e9riques priv\u00e9es. Les dispositifs techniques pour regarder ces videos sur ce site sont ceux de ces plates-formes, en d&rsquo;autre terme vous regardez ces videos ici aux m\u00eames conditions que si vous les regardiez sur la plate-forme. <\/p>\n\n\n\n<p>L&rsquo;asbl \u00ab\u00a0Les amis de la Harpe Mosane\u00a0\u00bb ne peut \u00eatre responsable de la politique de surveillance et de respect de votre vie priv\u00e9e num\u00e9rique mise en place par ces plates-formes.<\/p>\n\n\n\n<p>Les donn\u00e9es rentr\u00e9es dans le cadre du formulaire d&rsquo;inscription sont n\u00e9cessaires au bon fonctionnement de l&rsquo;\u00e9v\u00e8nement. Elles sont g\u00e9r\u00e9es <br>&#8211; par l&rsquo;application <a href=\"https:\/\/formidableforms.com\/\">&lsquo;extension &lsquo;formidable&rsquo; de wordpress<\/a> qui les collecte et les stoque <strong>sur notre site<\/strong> h\u00e9berg\u00e9 chez ovh<br>&#8211; trait\u00e9es avec attention par la personne \u00e0 charge des inscriptions et contactable par mail : inscription -arobase- harpemosane -point- be<\/p>\n\n\n\n<p>Vous avez \u00e0 tout moment le droit de rectifier ou demander la supression de vos donn\u00e9es en contactant : marc -arobase- mjhvc -point- be<\/p>\n\n\n\n<p class=\"has-text-align-right\"><a href=\"https:\/\/www.godefroid-harp-competition.be\/lequipe-du-concours-godefroid\/\">L&rsquo;\u00e9quipe organisatrice des Harp Spring Days<\/a><\/p>\n","protected":false},"excerpt":{"rendered":"<p>Mentions RGPD Les cookies utilis\u00e9s par ce site sont principalement dit &lsquo;techniques&rsquo; et destin\u00e9s aux personnes autoris\u00e9es \u00e0 s&rsquo;identifier dans [&hellip;]<\/p>\n","protected":false},"author":1,"featured_media":756,"parent":0,"menu_order":0,"comment_status":"closed","ping_status":"closed","template":"","meta":{"site-sidebar-layout":"default","site-content-layout":"","ast-site-content-layout":"","site-content-style":"default","site-sidebar-style":"default","ast-global-header-display":"","ast-banner-title-visibility":"","ast-main-header-display":"","ast-hfb-above-header-display":"","ast-hfb-below-header-display":"","ast-hfb-mobile-header-display":"","site-post-title":"","ast-breadcrumbs-content":"","ast-featured-img":"","footer-sml-layout":"","theme-transparent-header-meta":"","adv-header-id-meta":"","stick-header-meta":"","header-above-stick-meta":"","header-main-stick-meta":"","header-below-stick-meta":"","astra-migrate-meta-layouts":"default","ast-page-background-enabled":"default","ast-page-background-meta":{"desktop":{"background-color":"var(--ast-global-color-4)","background-image":"","background-repeat":"repeat","background-position":"center center","background-size":"auto","background-attachment":"scroll","background-type":"","background-media":"","overlay-type":"","overlay-color":"","overlay-opacity":"","overlay-gradient":""},"tablet":{"background-color":"","background-image":"","background-repeat":"repeat","background-position":"center center","background-size":"auto","background-attachment":"scroll","background-type":"","background-media":"","overlay-type":"","overlay-color":"","overlay-opacity":"","overlay-gradient":""},"mobile":{"background-color":"","background-image":"","background-repeat":"repeat","background-position":"center center","background-size":"auto","background-attachment":"scroll","background-type":"","background-media":"","overlay-type":"","overlay-color":"","overlay-opacity":"","overlay-gradient":""}},"ast-content-background-meta":{"desktop":{"background-color":"var(--ast-global-color-5)","background-image":"","background-repeat":"repeat","background-position":"center center","background-size":"auto","background-attachment":"scroll","background-type":"","background-media":"","overlay-type":"","overlay-color":"","overlay-opacity":"","overlay-gradient":""},"tablet":{"background-color":"var(--ast-global-color-5)","background-image":"","background-repeat":"repeat","background-position":"center center","background-size":"auto","background-attachment":"scroll","background-type":"","background-media":"","overlay-type":"","overlay-color":"","overlay-opacity":"","overlay-gradient":""},"mobile":{"background-color":"var(--ast-global-color-5)","background-image":"","background-repeat":"repeat","background-position":"center center","background-size":"auto","background-attachment":"scroll","background-type":"","background-media":"","overlay-type":"","overlay-color":"","overlay-opacity":"","overlay-gradient":""}},"footnotes":""},"_links":{"self":[{"href":"https:\/\/www.harpemosane.be\/harpspringdays\/wp-json\/wp\/v2\/pages\/580"}],"collection":[{"href":"https:\/\/www.harpemosane.be\/harpspringdays\/wp-json\/wp\/v2\/pages"}],"about":[{"href":"https:\/\/www.harpemosane.be\/harpspringdays\/wp-json\/wp\/v2\/types\/page"}],"author":[{"embeddable":true,"href":"https:\/\/www.harpemosane.be\/harpspringdays\/wp-json\/wp\/v2\/users\/1"}],"replies":[{"embeddable":true,"href":"https:\/\/www.harpemosane.be\/harpspringdays\/wp-json\/wp\/v2\/comments?post=580"}],"version-history":[{"count":10,"href":"https:\/\/www.harpemosane.be\/harpspringdays\/wp-json\/wp\/v2\/pages\/580\/revisions"}],"predecessor-version":[{"id":787,"href":"https:\/\/www.harpemosane.be\/harpspringdays\/wp-json\/wp\/v2\/pages\/580\/revisions\/787"}],"wp:featuredmedia":[{"embeddable":true,"href":"https:\/\/www.harpemosane.be\/harpspringdays\/wp-json\/wp\/v2\/media\/756"}],"wp:attachment":[{"href":"https:\/\/www.harpemosane.be\/harpspringdays\/wp-json\/wp\/v2\/media?parent=580"}],"curies":[{"name":"wp","href":"https:\/\/api.w.org\/{rel}","templated":true}]}}